 - 6*p**2 - p**3 + 7*p - 17*p - 10. Let c be u(-6). Determine b(c).
-11
Let r(s) = s - 3. Let y be r(5). Suppose y = -4*t + 2*t. Let u(z) = 3*z**2 - 20*z + 1. Let o(g) = 6*g**2 - 50*g + 3. Let i(j) = 2*o(j) - 5*u(j). Give i(t).
-2
Let g(f) = f**3 - 19*f**2 + 60*f + 2. Let c be g(15). Let u(v) = -7*v - 6. What is u(c)?
-20
Let p(h) = -5*h**3 - h**2 + 2*h - 4. Let c(b) = 14*b**3 + 4*b**2 - 7*b + 12. Let l(z) = 6*c(z) + 17*p(z). Give l(6).
-8
Let p(i) = -i**3 - 6*i**2 - 4*i + 2. Let j be (2 - 22)/(-5) - (2 - 2). Suppose 4*b + j*b = -40. What is p(b)?
-3
Let z(x) = x**2 - 14*x - 3. Let r be z(15). Let i = r - 15. Let c be (-13)/i + 14/21. Let v(h) = 3*h - 7. Give v(c).
8
Suppose -33*l + 0*l - 264 = 0. Let n(a) = -a**3 - 9*a**2 - 6*a - 5. What is n(l)?
-21
Suppose -4*b + 7 = -1. Let z(y) = 7 - y**b - 2*y - 3 - 3. Suppose -8*v + 10*v = -4. Determine z(v).
1
Let j(v) = 10*v**2 + 2*v + 1. Let q(o) = -11*o**2 - 3*o - 1. Let f(d) = -4*j(d) - 3*q(d). Determine f(1).
-7
Suppose 0 = -3*k + 2*v - 14 - 17, 2*k + v + 9 = 0. Let i(j) = j**3 + 8*j**2 + 4*j - 18. Give i(k).
3
Let z(q) = q**3 - 22*q + 33. Let p be z(2). Let l(h) = 3*h**2 + 3*h + 1. Give l(p).
19
Let k(m) = -29*m**2 - 3*m + 35. Let b(l) = -16*l**2 - 2*l + 19. Let w(u) = -11*b(u) + 6*k(u). Let g = 6 + -3. Suppose 2*j = g*j + 3. Determine w(j).
7
Suppose -16 = 4*p - 52. Suppose -30 + p = 7*j. Let z(r) = r + 1. Give z(j).
-2
Let v(m) = 1 + 3 - 4*m - m**3 + 3*m + 2 - 2 + 5*m**2. What is v(5)?
-1
Let b(n) = 3*n**2 + 4*n + 2. Suppose 0 = 4*t - 6*t - 54. Let h be t/(-3) + (-1 - 1). Let k = -9 + h. What is b(k)?
6
Let v be 6/(-9)*(-45)/6. Suppose -19 = -2*n + y, -4*n = -n + v*y - 22. Suppose -n*c = -8*c. Let w(m) = m**3 - m + 3. Give w(c).
3
Let h = 129 + -136. Let t be h/5 - -2 - 170/(-50). Let n(z) = 3*z**2 + 1. Let k(b) = b**2 - b. Let l(u) = 4*k(u) - n(u). Give l(t).
-1
Let g be (1 + -2)/(-1*1). Let b(f) = 7*f. Let l(p) be the second derivative of 9*p**3/2 + 19*p. Let q(a) = 9*b(a) - 2*l(a). Give q(g).
9
Let u(s) = 6*s**3 + s - 1. Suppose -4*i + 280 = -0*i. Suppose f - i = 4*z, z + 4*z + 86 = 2*f. Let k be (-3)/z - 30/(-36). What is u(k)?
6
Let t(x) = -13 + 2*x + 58 - 25 - 15. Let h(b) = b. Let o be h(6). What is t(o)?
17
Let o = 881 - 892. Let x(c) = c**3 + 10*c**2 - 8*c + 24. What is x(o)?
-9
Let n = 15 + 13. Let t = n + -26. Let v(f) = f**3 + f**2 - 3*f + 3. Determine v(t).
9
Let o(d) = d**2 - 2*d + 1. Suppose 5 = 3*n + 2. Suppose 4*g - 3 = n. Let t be o(g). Let l(y) = -y**3 - y**2 + 7. Calculate l(t).
7
Let h(m) be the first derivative of 2*m**3 + m + 409. Calculate h(1).
7
Let i(o) be the first derivative of -o**2 - 14*o - 275. Determine i(-11).
8
Let q = 21 - 21. Let f(x) = 12*x - 6*x + q + 5 + x**2. Calculate f(-4).
-3
Let c(g) = -g**3 - 4*g**2 - 2. Let p = 12 - 10. Suppose -5*a = -v - 14, 3*v = p*v + 4*a - 10. Suppose v*h = 3*h - 12. Give c(h).
-2
Let n(b) = -259*b**2 + 119*b + 119. Let a(i) = -i - 5*i - 2 - 4 + 13*i**2. Let r(j) = 119*a(j) + 6*n(j). Let c(s) = -14*s - 83. Let p be c(-6). Give r(p).
-7
Let r(m) be the third derivative of m**5/60 - 5*m**4/24 - 3*m**3/2 - 5*m**2 + 19. Calculate r(7).
5
Let n(x) = 2*x**3 - x**2 + 7*x + 15. Let v(q) = -3*q**3 + q**2 - 10*q - 22. Let i(k) = 7*n(k) + 5*v(k). Give i(-3).
7
Let o(d) = -3*d**2 - 1. Suppose 0 = -2*n - 4*m + 18, 3*n + 3*m - 5 = 7. Calculate o(n).
-4
Let v(a) = 8*a - 6. Let z(k) = k - 5. Let p(s) = -v(s) + z(s). What is p(5)?
-34
Let b be (-3 + 2)*(-3 + -1). Suppose -7*h + 2*h + 6 = -b*r, r - 1 = 0. Suppose -h = -w - 0. Let t(n) = -n**3 + n**2 + 2*n. Give t(w).
0
Let x(c) = c**2 + c - 1. Let j(u) = -2*u**2 - u + 2. Let r(n) = -6*j(n) - 14*x(n). Let y = -1912 + 1906. Give r(y).
-22
Let b(g) = g - 6. Suppose -2*w + 3*j = -52, 3*w - 2*j - 68 = -0*w. Suppose -y + w = 3*y. What is b(y)?
-1
Suppose j - 5 = -3. Let x(o) = -3 - 9*o + 0*o**j + 6*o - 3*o**2 - o. Suppose 4*d + 4*g + 7 - 3 = 0, -5 = 2*d - g. Determine x(d).
-7
Let x(g) = -g + 2*g + g**3 + 264 - 4*g**2 - 263. Give x(5).
31
Let l(i) be the third derivative of -1/12*i**4 - 1/120*i**6 + 1/30*i**5 + 0*i + 2*i**2 + 0 - 2/3*i**3. Determine l(3).
-19
Let w(p) = 17*p**2 - 3*p + 3. Let c(x) = 3*x**2 - x. Let t(d) = -6*c(d) + w(d). Give t(7).
-25
Suppose 23*l - 25*l + 6 = 0. Let m(f) = 5*f - 4. Determine m(l).
11
Let r(j) = 63965*j**2 - 63968*j**2 - 1 - 2 + 22*j + 1 + 0. Calculate r(7).
5
Let p(g) = g**3 - g**2 - 2*g + 3. Let f be 121/(-44) - ((-28)/(-16))/7. Determine p(f).
-27
Suppose 0 = 3*o - 3 - 15. Let g(j) = -3*j - 37. Let u(c) = -13*c - 169. Let w(q) = -9*g(q) + 2*u(q). Give w(o).
1
Let u be 15/(-1)*90/(-54). Let x = u - 31. Let g(i) = -i**2 - 4*i + 7. What is g(x)?
-5
Let i(w) = w**2 + 6*w - 13. Let y be 52/(-20) + 3 + 259/(-35). Calculate i(y).
-6
Let m(n) = -n**3 - 6*n**2 + 8*n + 10. Suppose -5*p - 14 = l - 2, 4*l - 5*p + 23 = 0. What is m(l)?
3
Let n(x) be the third derivative of -x**6/120 + 2*x**5/15 + 11*x**4/24 - 5*x**3/3 + 130*x**2. Determine n(9).
8
Let r(l) = -185*l + 91*l + 3 + 101*l + 2 + l**2. Determine r(-4).
-7
Let f(x) = 14*x - 6. Let k(c) = -14*c + 5. Let p(z) = 6*f(z) + 7*k(z). Let b(q) = -5*q. Let s(j) = -8*b(j) + 3*p(j). Determine s(-6).
9
Let k(a) = 11*a + 13 + 2*a - 4*a + 2*a - 7*a. What is k(-11)?
-31
Let k(i) = 2*i**2 - 6*i - 2. Let x be k(-1). Let m(t) = 6*t - 10. Determine m(x).
26
Let n(u) be the first derivative of u**2/2 + 4*u - 81. Let r = -1 + 4. Suppose 4 + 2 = -r*i. Calculate n(i).
2
Let c(y) = 7*y - 2. Let g(k) = k**3 + 18*k**2 + 2*k + 39. Let i be g(-18). Determine c(i).
19
Suppose -2*c + 18*c - 160 = 0. Let d(l) = -l**2 + 11*l - 9. What is d(c)?
1
Let m be -4 + (2/4)/(16/32). Let s(d) = -2*d - 8. What is s(m)?
-2
Let g = 91 + -70. Let c(q) = 2*q**3 - 5*q - q**3 + g*q**2 - 27*q**2 + 9. What is c(6)?
-21
Let h be (-10 - 144/(-14))/((-2)/(-14)). Let d(o) = -14*o + 13. Let s(f) = 5*f - 4. Let u(r) = 2*d(r) + 7*s(r). What is u(h)?
12
Suppose 0 = -2*a - 15 + 5, 0 = 2*v + a - 5. Let x(j) be the third derivative of 0 + 1/6*j**4 + j**3 + 0*j - 20*j**2 - 1/10*j**5 + 1/120*j**6. Give x(v).
1
Let l(d) = d**2 - 2*d - 1. Let h be l(3). Suppose 0 = -2*u - u + 9. Let v(c) = 0*c**2 - 4*c**2 + c**u + 3*c + 6*c**h + 2 + c**2. Give v(-2).
0
Let p = 69 - 74. Let b(r) = r**2 - 7. Calculate b(p).
18
Let c(x) be the second derivative of -7*x**3/6 - 6*x**2 - 2*x + 8. What is c(-3)?
9
Let n(u) = u**2 + 1. Let y = -7 - -12. Suppose -y*w = -4*v - 13, -8 = -v + 5*v - 4*w. Suppose 0 = -4*z + 20, -20 = -v*o - 4*z + 6. Determine n(o).
5
Let s(h) = h**2 - 9*h + 4. Let u be (-60)/(-11) - (-930)/1705. What is s(u)?
-14
Let v be -3 - (-4 + 5) - -12. Suppose 3*x + l = -v + 1, 5*x + 5 = -3*l. Let w(j) be the first derivative of -j**4/4 - 4*j**3/3 - 2*j - 2. Determine w(x).
-2
Let a(i) = -4 - 18*i - 10*i + 6 + 7*i. Let l be a(-3). Let c(f) = 66*f - 2 - 5 + 5 - l*f. Determine c(5).
3
Suppose -7*u - d + 33 = -2*u, 4*d = 2*u - 22. Suppose 0 = q - u + 5. Let r(z) = 1 + z**3 - 3 - 2*z - 2*z**2 + 3. Determine r(q).
-3
Let y be (-8 + 2)*2/3. Let g be -1 - (-3 - (y + 1 + 5)). Let c(h) = -h**2 + 2*h - 5. What is c(g)?
-13
Let k(r) = 3749*r + 8*r**2 - 1 - r**3 + 0 - 3756*r. Determine k(7).
-1
Let l(t) = 18*t - 10. Let z(p) = -2*p + 2. Let x(w) = -l(w) - 10*z(w). Determine x(-8).
-26
Let f(a) be the first derivative of a**3/3 - 5*a**2/2 - 8*a - 1. Suppose -2*m = 4*j - 6 - 24, 0 = -4*m + 4. Give f(j).
6
Let v = -441 + 436. Let s(x) = 2*x**2 + 8*x - 4. What is s(v)?
6
Let p(l) = -5*l**2 + 4*l + 2. Let x(j) = 14*j**2 - 14*j - 4. Let w(s) = 8*p(s) + 3*x(s). Determine w(5).
4
Let y be (2/(-3))/((-108)/(-1296)). Let g(c) = c**2 + 9*c + 6. What is g(y)?
-2
Let u(s) be the second derivative of -s**5/20 + 3*s**4/4 - s**3 + 7*s**2/2 - 13*s. What is u(8)?
23
Let g be 5 - 3*6/9. Let c(n) = 3*n + 0*n - 5 + g*n - 5*n. Let b(d) = d + 8. Let r be b(-8). Give c(r).
-5
Let n(u) = u + 10. Let y be n(-6). Let j(h) = 3*h**3 + h + 9 - 2*h**3 - 6*h**2 - y*h. Let r be 4/(-10)*(0 + -15). Give j(r).
-9
Let x(p) = 67*p + 2. Let j be x(1). Let w be ((-6)/(-4))/(j/(-46)). Let q(o) = -3 + 3*o**3 + 3 - 1. What is q(w)?
-4
Let a be -1 + 2/3 - (-464)/87. Let b(g) = g**3 - 4*g**2 - 5*g + 7. What is b(a)?
7
Suppose -4*u + 93 = -223. Suppose -4*o = u - 23. Let t = 21 + o. Let i(f) = f**3 - 7*f**2 - f + 2. Determine i(t).
-5
Let m(